{"id":349,"date":"2019-07-17T07:26:59","date_gmt":"2019-07-17T07:26:59","guid":{"rendered":"http:\/\/democontent.codex-themes.com\/sites-wpb-v5\/agency-media\/?page_id=349"},"modified":"2026-05-13T13:56:09","modified_gmt":"2026-05-13T13:56:09","slug":"hakkimizda","status":"publish","type":"page","link":"https:\/\/www.mycon.com.tr\/index.php\/about\/hakkimizda\/","title":{"rendered":"Hakk\u0131m\u0131zda"},"content":{"rendered":"<div class=\"wpb-content-wrapper\"><p>[vc_row equal_height=&#8221;yes&#8221; css=&#8221;.vc_custom_1563363592381{margin-bottom: 0px !important;}&#8221; el_class=&#8221;z-index&#8221;][vc_column]<div class=\"clearboth\"><\/div><style>#thegem-divider-6a058e5cc58e5 {margin-top: 170px !important;}<\/style><div id=\"thegem-divider-6a058e5cc58e5\" class=\"gem-divider  \" style=\"\" ><\/div>[\/vc_column][\/vc_row][vc_row video_bg=&#8221;yes&#8221; video_bg_url=&#8221;&#8221; css=&#8221;.vc_custom_1563365527542{margin-bottom: 0px !important;}&#8221;][vc_column css=&#8221;.vc_custom_1563361901579{padding-top: 0px !important;}&#8221;][\/vc_column][\/vc_row][vc_row equal_height=&#8221;yes&#8221; el_class=&#8221;z-index&#8221;][vc_column css=&#8221;.vc_custom_1563368541625{margin-top: -217px !important;background-image: url(http:\/\/www.mycon.com.tr\/wp-content\/uploads\/2019\/07\/6mini.jpg?id=443) !important;background-position: 0 0 !important;background-repeat: no-repeat !important;}&#8221;][vc_row_inner disable_custom_paddings_tablet=&#8221;true&#8221; disable_custom_paddings_mobile=&#8221;true&#8221; css=&#8221;.vc_custom_1563367751551{margin-bottom: 0px !important;}&#8221;][vc_column_inner]<div class=\"clearboth\"><\/div><style>#thegem-divider-6a058e5cc5914 {margin-top: 181px !important;}<\/style><div id=\"thegem-divider-6a058e5cc5914\" class=\"gem-divider  \" style=\"\" ><\/div>[\/vc_column_inner][vc_column_inner css=&#8221;.vc_custom_1563368411128{padding-right: 80px !important;padding-left: 80px !important;background-color: #f0f3f2 !important;}&#8221; offset=&#8221;vc_col-md-offset-4 vc_col-md-8&#8243;]<div class=\"clearboth\"><\/div><style>#thegem-divider-6a058e5cc5928 {margin-top: 50px !important;}<\/style><div id=\"thegem-divider-6a058e5cc5928\" class=\"gem-divider  \" style=\"\" ><\/div>[vc_column_text css=&#8221;&#8221;]<\/p>\n<div class=\"title-h2\">biz kimiz ?<\/div>\n<p>[\/vc_column_text]<div class=\"clearboth\"><\/div><style>#thegem-divider-6a058e5cc5941 {margin-top: 25px !important;}#thegem-divider-6a058e5cc5941 {margin-bottom: 30px !important;}<\/style><div id=\"thegem-divider-6a058e5cc5941\" class=\"gem-divider  custom-blue-divider\" style=\"border-color: #00bcd4;\" ><\/div>[vc_column_text css=&#8221;&#8221;]B\u0130Z K\u0130M\u0130Z?<br \/>\nMycon: Yenili\u011fin ve Esteti\u011fin Bulu\u015fma Noktas\u0131<br \/>\nDe\u011fi\u015fen d\u00fcnya d\u00fczeninde, sadece standartlara uymak i\u00e7in de\u011fil, standartlar\u0131 belirlemek i\u00e7in yola \u00e7\u0131kt\u0131k. Mycon.com.tr olarak, yarat\u0131c\u0131l\u0131\u011f\u0131 teknik uzmanl\u0131kla harmanl\u0131yor; her projede m\u00fckemmelli\u011fi hedefliyoruz.<br \/>\nBizim i\u00e7in her i\u015f bir ba\u015far\u0131 hikayesi, her m\u00fc\u015fteri ise uzun soluklu bir i\u015f orta\u011f\u0131d\u0131r. Dinamik ekibimizle, karma\u015f\u0131k s\u00fcre\u00e7leri basit, estetik ve etkili \u00e7\u00f6z\u00fcmlere d\u00f6n\u00fc\u015ft\u00fcr\u00fcyoruz. Sekt\u00f6rdeki en g\u00fcncel teknolojileri ve trendleri kullanarak, i\u015f s\u00fcre\u00e7lerinizi daha verimli ve gelece\u011fe haz\u0131r hale getiriyoruz.<br \/>\nNeden Mycon?<br \/>\n* Deneyim: Y\u0131llar\u0131n getirdi\u011fi bilgi birikimini modern vizyonumuzla birle\u015ftiriyoruz.<br \/>\n* \u0130novasyon: S\u00fcrekli geli\u015fen ve yenilenen bak\u0131\u015f a\u00e7\u0131m\u0131zla geleneksel y\u00f6ntemlere meydan okuyoruz.<br \/>\n* G\u00fcven: \u015eeffafl\u0131k ilkesiyle, s\u00f6z verdi\u011fimiz zamanda ve bekledi\u011finiz kalitede teslimat yap\u0131yoruz.<br \/>\n* Ki\u015fiselle\u015ftirilmi\u015f \u00c7\u00f6z\u00fcmler: Her projenin kendine has bir ruhu oldu\u011funa inan\u0131yor, size \u00f6zel stratejiler geli\u015ftiriyoruz.<\/p>\n<p>\u201cGelecek, onu bug\u00fcnden in\u015fa edenlerindir. Mycon ile gelece\u011fe bir ad\u0131m \u00f6nde ba\u015flay\u0131n.&#8221;[\/vc_column_text]<div class=\"clearboth\"><\/div><style>#thegem-divider-6a058e5cc5952 {margin-top: 45px !important;}<\/style><div id=\"thegem-divider-6a058e5cc5952\" class=\"gem-divider  \" style=\"\" ><\/div>[\/vc_column_inner][\/vc_row_inner][\/vc_column][\/vc_row]<\/p>\n<\/div>","protected":false},"excerpt":{"rendered":"<p>[vc_row equal_height=&#8221;yes&#8221; css=&#8221;.vc_custom_1563363592381{margin-bottom: 0px !important;}&#8221; el_class=&#8221;z-index&#8221;][vc_column][\/vc_column][\/vc_row][vc_row video_bg=&#8221;yes&#8221; video_bg_url=&#8221;&#8221; css=&#8221;.vc_custom_1563365527542{margin-bottom: 0px !important;}&#8221;][vc_column css=&#8221;.vc_custom_1563361901579{padding-top: 0px !important;}&#8221;][\/vc_column][\/vc_row][vc_row equal_height=&#8221;yes&#8221; el_class=&#8221;z-index&#8221;][vc_column css=&#8221;.vc_custom_1563368541625{margin-top: -217px !important;background-image: url(http:\/\/www.mycon.com.tr\/wp-content\/uploads\/2019\/07\/6mini.jpg?id=443)&#8230;<\/p>\n","protected":false},"author":1,"featured_media":0,"parent":674,"menu_order":-1,"comment_status":"closed","ping_status":"closed","template":"","meta":{"footnotes":""},"class_list":["post-349","page","type-page","status-publish"],"_links":{"self":[{"href":"https:\/\/www.mycon.com.tr\/index.php\/wp-json\/wp\/v2\/pages\/349","targetHints":{"allow":["GET"]}}],"collection":[{"href":"https:\/\/www.mycon.com.tr\/index.php\/wp-json\/wp\/v2\/pages"}],"about":[{"href":"https:\/\/www.mycon.com.tr\/index.php\/wp-json\/wp\/v2\/types\/page"}],"author":[{"embeddable":true,"href":"https:\/\/www.mycon.com.tr\/index.php\/wp-json\/wp\/v2\/users\/1"}],"replies":[{"embeddable":true,"href":"https:\/\/www.mycon.com.tr\/index.php\/wp-json\/wp\/v2\/comments?post=349"}],"version-history":[{"count":4,"href":"https:\/\/www.mycon.com.tr\/index.php\/wp-json\/wp\/v2\/pages\/349\/revisions"}],"predecessor-version":[{"id":858,"href":"https:\/\/www.mycon.com.tr\/index.php\/wp-json\/wp\/v2\/pages\/349\/revisions\/858"}],"up":[{"embeddable":true,"href":"https:\/\/www.mycon.com.tr\/index.php\/wp-json\/wp\/v2\/pages\/674"}],"wp:attachment":[{"href":"https:\/\/www.mycon.com.tr\/index.php\/wp-json\/wp\/v2\/media?parent=349"}],"curies":[{"name":"wp","href":"https:\/\/api.w.org\/{rel}","templated":true}]}}